{"id":1927,"date":"2024-11-27T16:07:03","date_gmt":"2024-11-27T15:07:03","guid":{"rendered":"https:\/\/gds32-65.fr\/?page_id=1927"},"modified":"2024-12-06T10:18:36","modified_gmt":"2024-12-06T09:18:36","slug":"mentions-legales","status":"publish","type":"page","link":"https:\/\/gds32-65.fr\/index.php\/mentions-legales\/","title":{"rendered":"Mentions L\u00e9gales"},"content":{"rendered":"\t\t<div data-elementor-type=\"wp-page\" data-elementor-id=\"1927\" class=\"elementor elementor-1927\">\n\t\t\t\t<div class=\"elementor-element elementor-element-4aeb8c6 e-flex e-con-boxed e-con e-parent\" data-id=\"4aeb8c6\" data-element_type=\"container\" data-e-type=\"container\">\n\t\t\t\t\t<div class=\"e-con-inner\">\n\t\t\t\t<div class=\"elementor-element elementor-element-4bdfbd3 elementor-widget elementor-widget-text-editor\" data-id=\"4bdfbd3\" data-element_type=\"widget\" data-e-type=\"widget\" data-widget_type=\"text-editor.default\">\n\t\t\t\t<div class=\"elementor-widget-container\">\n\t\t\t\t\t\t\t\t\t<h3 style=\"margin-top: 16px; color: #056eb2; font-family: Arial, Helvetica, sans-serif; font-style: normal; font-variant-ligatures: normal; font-variant-caps: normal; letter-spacing: normal; text-align: justify; text-transform: none; background-color: rgba(255, 255, 255, 0.75); text-decoration-thickness: initial; text-decoration-style: initial; text-decoration-color: initial;\">Informations g\u00e9n\u00e9rales<\/h3><p style=\"color: #333333; font-family: Arial, Helvetica, sans-serif; font-size: medium; font-style: normal; font-variant-ligatures: normal; font-variant-caps: normal; font-weight: 400; text-align: justify; background-color: rgba(255, 255, 255, 0.75);\">Les\u00a0<strong style=\"margin: 0px; padding: 0px;\">Groupements de D\u00e9fense Sanitaire &#8211; GDS 32-65<\/strong>\u00a0sont des organismes professionnels agricoles, dont la mission essentielle est la gestion sanitaire des esp\u00e8ces bovines, ovines, caprines, des d\u00e9partements des Hautes Pyr\u00e9n\u00e9es et du Gers.<\/p><p style=\"color: #333333; font-family: Arial, Helvetica, sans-serif; font-size: medium; font-style: normal; font-variant-ligatures: normal; font-variant-caps: normal; font-weight: 400; text-align: justify; background-color: rgba(255, 255, 255, 0.75);\">Les\u00a0<strong>GDS 32-65<\/strong>\u00a0ont un statut <strong style=\"margin: 0px; padding: 0px;\">Association loi 1901<\/strong>, et ont \u00e9t\u00e9 cr\u00e9\u00e9s en 1954. Les\u00a0<strong>GDS 32-65<\/strong>\u00a0sont g\u00e9r\u00e9s par un conseil d&rsquo;administration dont la majorit\u00e9 des membres d\u00e9cisionnels sont des <strong style=\"margin: 0px; padding: 0px;\">agriculteurs \u00e9lus<\/strong>\u00a0\u00e0 l&rsquo;\u00e9chelon cantonal.<\/p><p style=\"color: #333333; font-family: Arial, Helvetica, sans-serif; font-size: medium; font-style: normal; font-variant-ligatures: normal; font-variant-caps: normal; font-weight: 400; text-align: justify; background-color: rgba(255, 255, 255, 0.75);\">Afin de r\u00e9aliser nos missions, nous travaillons avec diff\u00e9rents acteurs \u00e0 l&rsquo;\u00e9chelle d\u00e9partementale que sont :<\/p><ul style=\"padding-left: 25px; color: #333333; font-family: Arial, Helvetica, sans-serif; font-size: medium; font-style: normal; font-variant-ligatures: normal; font-variant-caps: normal; font-weight: 400; text-align: justify; background-color: rgba(255, 255, 255, 0.75);\"><li>Direction des Services V\u00e9t\u00e9rinaires<\/li><li>Les v\u00e9t\u00e9rinaires sanitaires de terrain, et leurs institutions repr\u00e9sentatives<\/li><li>Le laboratoire d\u00e9partement d&rsquo;analyse<\/li><li>La Chambre d&rsquo;Agriculture<\/li><\/ul><p style=\"color: #333333; font-family: Arial, Helvetica, sans-serif; font-size: medium; font-style: normal; font-variant-ligatures: normal; font-variant-caps: normal; font-weight: 400; text-align: justify; background-color: rgba(255, 255, 255, 0.75);\">Nous sommes \u00e9galement rattach\u00e9s \u00e0 une F\u00e9d\u00e9ration R\u00e9gionale, Nationale et Europ\u00e9enne. Environ 97% des \u00e9leveurs de toutes les esp\u00e8ces cit\u00e9es ci-dessus adh\u00e9rent \u00e0 nos structures.<\/p><p style=\"color: #333333; font-family: Arial, Helvetica, sans-serif; font-size: medium; font-style: normal; font-variant-ligatures: normal; font-variant-caps: normal; font-weight: 400; text-align: justify; background-color: rgba(255, 255, 255, 0.75);\">Le pr\u00e9sent site internet est la propri\u00e9t\u00e9 des\u00a0<strong>GDS 32-65<\/strong>, dont les si\u00e8ge sociaux sont situ\u00e9s \u00e0 Tarbes et Auch. Le directeur de la publication du site est Monsieur Yann Abadie, en qualit\u00e9 de Directeur du <strong>GDS 65 et 32<\/strong>. L&rsquo;h\u00e9bergement de ce site Internet est assur\u00e9 par la Soci\u00e9t\u00e9 OVH, dont le si\u00e8ge social est situ\u00e9 au 2 rue Kellermann, \u00e0 Roubaix (France).<\/p><p style=\"color: #333333; font-family: Arial, Helvetica, sans-serif; font-size: medium; font-style: normal; font-variant-ligatures: normal; font-variant-caps: normal; font-weight: 400; text-align: justify; background-color: rgba(255, 255, 255, 0.75);\">L&rsquo;usage du site web <strong>GDS 32-65<\/strong> ne vous octroie aucun droit particulier ; seul un usage strictement personnel en est admis. Le site des\u00a0<strong>GDS 32-65<\/strong> et l&rsquo;ensemble des \u00e9l\u00e9ments le composant tels que notamment les noms de domaine, les marques, la structure g\u00e9n\u00e9rale, les textes, graphiques, images, les bases de donn\u00e9es, l&rsquo;arborescence du site, les logos, la charte graphique, les sons, les photographies et l&rsquo;iconographie et autres \u00e9l\u00e9ments reproduits sur le site sont la propri\u00e9t\u00e9 des\u00a0<strong>GDS 32-65<\/strong> sans \u00e9gard du fait que les dits \u00e9l\u00e9ments puissent ou non \u00eatre prot\u00e9g\u00e9s en l&rsquo;\u00e9tat actuel de la l\u00e9gislation par un droit d&rsquo;auteur ou de toute autre mani\u00e8re \u00e0 l&rsquo;exclusion des \u00e9l\u00e9ments \u00e9manant des partenaires des\u00a0<strong>GDS 32-65<\/strong>.<\/p><p style=\"color: #333333; font-family: Arial, Helvetica, sans-serif; font-size: medium; font-style: normal; font-variant-ligatures: normal; font-variant-caps: normal; font-weight: 400; text-align: justify; background-color: rgba(255, 255, 255, 0.75);\">La protection du site et des \u00e9l\u00e9ments le composant rel\u00e8ve des l\u00e9gislations nationales et internationales relatives au droit de la propri\u00e9t\u00e9 intellectuelle. D\u00e8s lors, toute reproduction et\/ou repr\u00e9sentation et\/ou rediffusion, en tout ou en partie, sur tout support \u00e9lectronique ou non, pr\u00e9sent ou futur, sont interdites sauf autorisation expresse et pr\u00e9alable de l\u2019\u00e9tablissement. Toute personne contrevenant \u00e0 cette interdiction, engage sa responsabilit\u00e9 p\u00e9nale et civile et peut \u00eatre poursuivie notamment sur le fondement de la contrefa\u00e7on. De m\u00eame les bases de donn\u00e9es d&rsquo;informations sont prot\u00e9g\u00e9es au titre de la loi du 1er juillet 1998. Ainsi, toute extraction ou tentative d&rsquo;extraction, f\u00fbt-elle totale ou partielle, est susceptible d&rsquo;engager les responsabilit\u00e9s civile et p\u00e9nale de tout contrevenant.<\/p><p style=\"color: #333333; font-family: Arial, Helvetica, sans-serif; font-size: medium; font-style: normal; font-variant-ligatures: normal; font-variant-caps: normal; text-align: justify; background-color: rgba(255, 255, 255, 0.75);\"><span style=\"font-weight: 400;\">Les liens hypertextes mis en \u0153uvre au sein du site\u00a0<strong style=\"margin: 0px; padding: 0px;\">www.gds32-65.fr<\/strong> en direction d&rsquo;autres sites et\/ou de pages personnelles et d&rsquo;une mani\u00e8re g\u00e9n\u00e9rale vers toutes ressources existantes sur Internet ne sauraient engager la responsabilit\u00e9 des\u00a0<strong>GDS 32-65<\/strong>. <strong style=\"margin: 0px; padding: 0px;\">Les GDS 32-65<\/strong> ne peuvent \u00eatre en aucun cas tenus responsables du contenu et des informations, des services et des produits que l&rsquo;internaute pourrait trouver sur le site ayant fait l&rsquo;objet d&rsquo;un lien hypertexte \u00e0 partir du site des <\/span><b>GDS 32-65<\/b><strong style=\"font-weight: 400;\"><br \/><\/strong><\/p><p style=\"color: #333333; font-family: Arial, Helvetica, sans-serif; font-size: medium; font-style: normal; font-variant-ligatures: normal; font-variant-caps: normal; font-weight: 400; text-align: justify; background-color: rgba(255, 255, 255, 0.75);\">La responsabilit\u00e9 des\u00a0<strong>GDS 32-65<\/strong> ne pourra pas non plus \u00eatre recherch\u00e9e au titre de la qualit\u00e9 ou des sp\u00e9cifications des produits ou services vendus par des partenaires ou par des annonceurs.<\/p><p style=\"color: #333333; font-family: Arial, Helvetica, sans-serif; font-size: medium; font-style: normal; font-variant-ligatures: normal; font-variant-caps: normal; font-weight: 400; text-align: justify; background-color: rgba(255, 255, 255, 0.75);\">Vous trouverez ci-dessous notre politique en mati\u00e8re de traitement des donn\u00e9es personnelles. Ce texte a pour but de vous informer sur la mani\u00e8re dont nous utilisons ces donn\u00e9es et vous indique la fa\u00e7on de proc\u00e9der si vous souhaitez y apporter une modification.<\/p><p style=\"color: #333333; font-family: Arial, Helvetica, sans-serif; font-size: medium; font-style: normal; font-variant-ligatures: normal; font-variant-caps: normal; font-weight: 400; text-align: justify; background-color: rgba(255, 255, 255, 0.75);\">Le recueil de donn\u00e9es personnelles vous concernant peut \u00eatre requis lors de l&rsquo;utilisation par l&rsquo;internaute de notre formulaire de recherche, et au cours d&rsquo;une demande de renseignements.<\/p><p style=\"color: #333333; font-family: Arial, Helvetica, sans-serif; font-size: medium; font-style: normal; font-variant-ligatures: normal; font-variant-caps: normal; font-weight: 400; text-align: justify; background-color: rgba(255, 255, 255, 0.75);\">Les informations que vous nous communiquez ne sont jamais confi\u00e9es \u00e0 des tiers. Selon les cas, les usages sont les suivants : Vous avez adress\u00e9 un courrier \u00e9lectronique, dans ce cas, votre adresse mail ne nous servira qu&rsquo;\u00e0 vous acheminer la r\u00e9ponse. Vous avez fait une demande de devis. Les donn\u00e9es recueillies \u00e0 cette occasion ne seront employ\u00e9es qu&rsquo;aux fins de r\u00e9pondre \u00e0 votre demande.<\/p><p style=\"color: #333333; font-family: Arial, Helvetica, sans-serif; font-size: medium; font-style: normal; font-variant-ligatures: normal; font-variant-caps: normal; font-weight: 400; text-align: justify; background-color: rgba(255, 255, 255, 0.75);\">Conform\u00e9ment \u00e0 la loi Informatique et Libert\u00e9s en date du 6 janvier 1978, vous disposez par ailleurs d&rsquo;un droit d&rsquo;acc\u00e8s, de rectification, de modification et de suppression des donn\u00e9es qui vous concernent.<\/p><p style=\"color: #333333; font-family: Arial, Helvetica, sans-serif; font-size: medium; font-style: normal; font-variant-ligatures: normal; font-variant-caps: normal; font-weight: 400; text-align: justify; background-color: rgba(255, 255, 255, 0.75);\">Pour toute r\u00e9clamation ou demande d&rsquo;informations \u00e0 ce propos, \u00e9crivez-nous \u00e0 : GDS 65-APLMA &#8211; Cit\u00e9 Administrative Reffye &#8211; 10 rue amiral Courbet &#8211; 65000 Tarbes. Pour toute information relative \u00e0 la loi Informatique et Libert\u00e9s du 6 janvier 1978, consultez le <a style=\"margin: 0px; padding: 0px; color: #056eb2;\" title=\"Visitez le site web de la Commission Nationale de l'Informatique et des Libert\u00e9s\" href=\"http:\/\/www.cnil.fr\/fileadmin\/documents\/approfondir\/textes\/CNIL-78-17_definitive-annotee.pdf\">site de la C.N.I.L.<\/a>\u00a0(Commission Nationale de l&rsquo;Informatique et des Libert\u00e9s).<\/p>\t\t\t\t\t\t\t\t<\/div>\n\t\t\t\t<\/div>\n\t\t\t\t\t<\/div>\n\t\t\t\t<\/div>\n\t\t\t\t<\/div>\n\t\t","protected":false},"excerpt":{"rendered":"<p>Informations g\u00e9n\u00e9rales Les\u00a0Groupements de D\u00e9fense Sanitaire &#8211; GDS 32-65\u00a0sont des organismes professionnels agricoles, dont la mission essentielle est la gestion sanitaire des esp\u00e8ces bovines, ovines, caprines, des d\u00e9partements des Hautes Pyr\u00e9n\u00e9es et du Gers. Les\u00a0GDS 32-65\u00a0ont un statut Association loi 1901, et ont \u00e9t\u00e9 cr\u00e9\u00e9s en 1954. Les\u00a0GDS 32-65\u00a0sont g\u00e9r\u00e9s par un conseil d&rsquo;administration dont [&hellip;]<\/p>\n","protected":false},"author":1,"featured_media":0,"parent":0,"menu_order":0,"comment_status":"closed","ping_status":"closed","template":"","meta":{"footnotes":""},"class_list":["post-1927","page","type-page","status-publish","hentry"],"blocksy_meta":[],"yoast_head":"<!-- This site is optimized with the Yoast SEO plugin v27.4 - https:\/\/yoast.com\/product\/yoast-seo-wordpress\/ -->\n<title>Mentions L\u00e9gales - GDS 32 et 65<\/title>\n<meta name=\"robots\" content=\"index, follow, max-snippet:-1, max-image-preview:large, max-video-preview:-1\" \/>\n<link rel=\"canonical\" href=\"https:\/\/gds32-65.fr\/index.php\/mentions-legales\/\" \/>\n<meta property=\"og:locale\" content=\"fr_FR\" \/>\n<meta property=\"og:type\" content=\"article\" \/>\n<meta property=\"og:title\" content=\"Mentions L\u00e9gales - GDS 32 et 65\" \/>\n<meta property=\"og:description\" content=\"Informations g\u00e9n\u00e9rales Les\u00a0Groupements de D\u00e9fense Sanitaire &#8211; GDS 32-65\u00a0sont des organismes professionnels agricoles, dont la mission essentielle est la gestion sanitaire des esp\u00e8ces bovines, ovines, caprines, des d\u00e9partements des Hautes Pyr\u00e9n\u00e9es et du Gers. Les\u00a0GDS 32-65\u00a0ont un statut Association loi 1901, et ont \u00e9t\u00e9 cr\u00e9\u00e9s en 1954. Les\u00a0GDS 32-65\u00a0sont g\u00e9r\u00e9s par un conseil d&rsquo;administration dont [&hellip;]\" \/>\n<meta property=\"og:url\" content=\"https:\/\/gds32-65.fr\/index.php\/mentions-legales\/\" \/>\n<meta property=\"og:site_name\" content=\"GDS 32 et 65\" \/>\n<meta property=\"article:publisher\" content=\"https:\/\/www.facebook.com\/gds32gds65aplma\" \/>\n<meta property=\"article:modified_time\" content=\"2024-12-06T09:18:36+00:00\" \/>\n<meta name=\"twitter:card\" content=\"summary_large_image\" \/>\n<meta name=\"twitter:label1\" content=\"Dur\u00e9e de lecture estim\u00e9e\" \/>\n\t<meta name=\"twitter:data1\" content=\"4 minutes\" \/>\n<script type=\"application\/ld+json\" class=\"yoast-schema-graph\">{\"@context\":\"https:\\\/\\\/schema.org\",\"@graph\":[{\"@type\":\"WebPage\",\"@id\":\"https:\\\/\\\/gds32-65.fr\\\/index.php\\\/mentions-legales\\\/\",\"url\":\"https:\\\/\\\/gds32-65.fr\\\/index.php\\\/mentions-legales\\\/\",\"name\":\"Mentions L\u00e9gales - GDS 32 et 65\",\"isPartOf\":{\"@id\":\"https:\\\/\\\/gds32-65.fr\\\/#website\"},\"datePublished\":\"2024-11-27T15:07:03+00:00\",\"dateModified\":\"2024-12-06T09:18:36+00:00\",\"breadcrumb\":{\"@id\":\"https:\\\/\\\/gds32-65.fr\\\/index.php\\\/mentions-legales\\\/#breadcrumb\"},\"inLanguage\":\"fr-FR\",\"potentialAction\":[{\"@type\":\"ReadAction\",\"target\":[\"https:\\\/\\\/gds32-65.fr\\\/index.php\\\/mentions-legales\\\/\"]}]},{\"@type\":\"BreadcrumbList\",\"@id\":\"https:\\\/\\\/gds32-65.fr\\\/index.php\\\/mentions-legales\\\/#breadcrumb\",\"itemListElement\":[{\"@type\":\"ListItem\",\"position\":1,\"name\":\"Accueil\",\"item\":\"https:\\\/\\\/gds32-65.fr\\\/\"},{\"@type\":\"ListItem\",\"position\":2,\"name\":\"Mentions L\u00e9gales\"}]},{\"@type\":\"WebSite\",\"@id\":\"https:\\\/\\\/gds32-65.fr\\\/#website\",\"url\":\"https:\\\/\\\/gds32-65.fr\\\/\",\"name\":\"GDS 32-65\",\"description\":\"Bienvenue sur le site des GDS 32 et 65\",\"publisher\":{\"@id\":\"https:\\\/\\\/gds32-65.fr\\\/#organization\"},\"potentialAction\":[{\"@type\":\"SearchAction\",\"target\":{\"@type\":\"EntryPoint\",\"urlTemplate\":\"https:\\\/\\\/gds32-65.fr\\\/?s={search_term_string}\"},\"query-input\":{\"@type\":\"PropertyValueSpecification\",\"valueRequired\":true,\"valueName\":\"search_term_string\"}}],\"inLanguage\":\"fr-FR\"},{\"@type\":\"Organization\",\"@id\":\"https:\\\/\\\/gds32-65.fr\\\/#organization\",\"name\":\"GDS 32-65\",\"url\":\"https:\\\/\\\/gds32-65.fr\\\/\",\"logo\":{\"@type\":\"ImageObject\",\"inLanguage\":\"fr-FR\",\"@id\":\"https:\\\/\\\/gds32-65.fr\\\/#\\\/schema\\\/logo\\\/image\\\/\",\"url\":\"https:\\\/\\\/gds32-65.fr\\\/wp-content\\\/uploads\\\/2024\\\/11\\\/Fond-GDS-1.png\",\"contentUrl\":\"https:\\\/\\\/gds32-65.fr\\\/wp-content\\\/uploads\\\/2024\\\/11\\\/Fond-GDS-1.png\",\"width\":1095,\"height\":226,\"caption\":\"GDS 32-65\"},\"image\":{\"@id\":\"https:\\\/\\\/gds32-65.fr\\\/#\\\/schema\\\/logo\\\/image\\\/\"},\"sameAs\":[\"https:\\\/\\\/www.facebook.com\\\/gds32gds65aplma\"]}]}<\/script>\n<!-- \/ Yoast SEO plugin. -->","yoast_head_json":{"title":"Mentions L\u00e9gales - GDS 32 et 65","robots":{"index":"index","follow":"follow","max-snippet":"max-snippet:-1","max-image-preview":"max-image-preview:large","max-video-preview":"max-video-preview:-1"},"canonical":"https:\/\/gds32-65.fr\/index.php\/mentions-legales\/","og_locale":"fr_FR","og_type":"article","og_title":"Mentions L\u00e9gales - GDS 32 et 65","og_description":"Informations g\u00e9n\u00e9rales Les\u00a0Groupements de D\u00e9fense Sanitaire &#8211; GDS 32-65\u00a0sont des organismes professionnels agricoles, dont la mission essentielle est la gestion sanitaire des esp\u00e8ces bovines, ovines, caprines, des d\u00e9partements des Hautes Pyr\u00e9n\u00e9es et du Gers. Les\u00a0GDS 32-65\u00a0ont un statut Association loi 1901, et ont \u00e9t\u00e9 cr\u00e9\u00e9s en 1954. Les\u00a0GDS 32-65\u00a0sont g\u00e9r\u00e9s par un conseil d&rsquo;administration dont [&hellip;]","og_url":"https:\/\/gds32-65.fr\/index.php\/mentions-legales\/","og_site_name":"GDS 32 et 65","article_publisher":"https:\/\/www.facebook.com\/gds32gds65aplma","article_modified_time":"2024-12-06T09:18:36+00:00","twitter_card":"summary_large_image","twitter_misc":{"Dur\u00e9e de lecture estim\u00e9e":"4 minutes"},"schema":{"@context":"https:\/\/schema.org","@graph":[{"@type":"WebPage","@id":"https:\/\/gds32-65.fr\/index.php\/mentions-legales\/","url":"https:\/\/gds32-65.fr\/index.php\/mentions-legales\/","name":"Mentions L\u00e9gales - GDS 32 et 65","isPartOf":{"@id":"https:\/\/gds32-65.fr\/#website"},"datePublished":"2024-11-27T15:07:03+00:00","dateModified":"2024-12-06T09:18:36+00:00","breadcrumb":{"@id":"https:\/\/gds32-65.fr\/index.php\/mentions-legales\/#breadcrumb"},"inLanguage":"fr-FR","potentialAction":[{"@type":"ReadAction","target":["https:\/\/gds32-65.fr\/index.php\/mentions-legales\/"]}]},{"@type":"BreadcrumbList","@id":"https:\/\/gds32-65.fr\/index.php\/mentions-legales\/#breadcrumb","itemListElement":[{"@type":"ListItem","position":1,"name":"Accueil","item":"https:\/\/gds32-65.fr\/"},{"@type":"ListItem","position":2,"name":"Mentions L\u00e9gales"}]},{"@type":"WebSite","@id":"https:\/\/gds32-65.fr\/#website","url":"https:\/\/gds32-65.fr\/","name":"GDS 32-65","description":"Bienvenue sur le site des GDS 32 et 65","publisher":{"@id":"https:\/\/gds32-65.fr\/#organization"},"potentialAction":[{"@type":"SearchAction","target":{"@type":"EntryPoint","urlTemplate":"https:\/\/gds32-65.fr\/?s={search_term_string}"},"query-input":{"@type":"PropertyValueSpecification","valueRequired":true,"valueName":"search_term_string"}}],"inLanguage":"fr-FR"},{"@type":"Organization","@id":"https:\/\/gds32-65.fr\/#organization","name":"GDS 32-65","url":"https:\/\/gds32-65.fr\/","logo":{"@type":"ImageObject","inLanguage":"fr-FR","@id":"https:\/\/gds32-65.fr\/#\/schema\/logo\/image\/","url":"https:\/\/gds32-65.fr\/wp-content\/uploads\/2024\/11\/Fond-GDS-1.png","contentUrl":"https:\/\/gds32-65.fr\/wp-content\/uploads\/2024\/11\/Fond-GDS-1.png","width":1095,"height":226,"caption":"GDS 32-65"},"image":{"@id":"https:\/\/gds32-65.fr\/#\/schema\/logo\/image\/"},"sameAs":["https:\/\/www.facebook.com\/gds32gds65aplma"]}]}},"_links":{"self":[{"href":"https:\/\/gds32-65.fr\/index.php\/wp-json\/wp\/v2\/pages\/1927","targetHints":{"allow":["GET"]}}],"collection":[{"href":"https:\/\/gds32-65.fr\/index.php\/wp-json\/wp\/v2\/pages"}],"about":[{"href":"https:\/\/gds32-65.fr\/index.php\/wp-json\/wp\/v2\/types\/page"}],"author":[{"embeddable":true,"href":"https:\/\/gds32-65.fr\/index.php\/wp-json\/wp\/v2\/users\/1"}],"replies":[{"embeddable":true,"href":"https:\/\/gds32-65.fr\/index.php\/wp-json\/wp\/v2\/comments?post=1927"}],"version-history":[{"count":0,"href":"https:\/\/gds32-65.fr\/index.php\/wp-json\/wp\/v2\/pages\/1927\/revisions"}],"wp:attachment":[{"href":"https:\/\/gds32-65.fr\/index.php\/wp-json\/wp\/v2\/media?parent=1927"}],"curies":[{"name":"wp","href":"https:\/\/api.w.org\/{rel}","templated":true}]}}