{"id":1453,"date":"2024-11-21T19:31:52","date_gmt":"2024-11-21T18:31:52","guid":{"rendered":"https:\/\/gds32-65.fr\/?page_id=1453"},"modified":"2026-04-14T15:12:30","modified_gmt":"2026-04-14T13:12:30","slug":"eleveurs-ovins-caprins","status":"publish","type":"page","link":"https:\/\/gds32-65.fr\/index.php\/transhumance\/eleveurs-ovins-caprins\/","title":{"rendered":"Eleveurs Ovins Caprins"},"content":{"rendered":"\t\t<div data-elementor-type=\"wp-page\" data-elementor-id=\"1453\" class=\"elementor elementor-1453\">\n\t\t\t\t<div class=\"elementor-element elementor-element-72ddcfa e-flex e-con-boxed e-con e-parent\" data-id=\"72ddcfa\" data-element_type=\"container\" data-e-type=\"container\">\n\t\t\t\t\t<div class=\"e-con-inner\">\n\t\t\t\t<div class=\"elementor-element elementor-element-69138ae elementor-widget elementor-widget-text-editor\" data-id=\"69138ae\" data-element_type=\"widget\" data-e-type=\"widget\" data-widget_type=\"text-editor.default\">\n\t\t\t\t<div class=\"elementor-widget-container\">\n\t\t\t\t\t\t\t\t\t<p>Eleveurs ovins caprins transhumants dans le 65<\/p>\t\t\t\t\t\t\t\t<\/div>\n\t\t\t\t<\/div>\n\t\t\t\t\t<\/div>\n\t\t\t\t<\/div>\n\t\t<div class=\"elementor-element elementor-element-a017f0f e-flex e-con-boxed e-con e-parent\" data-id=\"a017f0f\" data-element_type=\"container\" data-e-type=\"container\">\n\t\t\t\t\t<div class=\"e-con-inner\">\n\t\t<div class=\"elementor-element elementor-element-7a41961 e-con-full e-flex e-con e-child\" data-id=\"7a41961\" data-element_type=\"container\" data-e-type=\"container\">\n\t\t\t\t<div class=\"elementor-element elementor-element-31e73b6 elementor-widget elementor-widget-text-editor\" data-id=\"31e73b6\" data-element_type=\"widget\" data-e-type=\"widget\" data-widget_type=\"text-editor.default\">\n\t\t\t\t<div class=\"elementor-widget-container\">\n\t\t\t\t\t\t\t\t\t<p>Vous devez d\u00e9clarer, quelque soit votre d\u00e9partement de provenance, la transhumance de vos animaux.<\/p><p>Cr\u00e9er un compte sur l&rsquo;espace d\u00e9di\u00e9. Vous recevrez ainsi un mot de passe <u>(A CONSERVER)<\/u> vous permettant de vous identifier pour effectuer votre d\u00e9claration en ligne.<\/p>\t\t\t\t\t\t\t\t<\/div>\n\t\t\t\t<\/div>\n\t\t\t\t<\/div>\n\t\t<div class=\"elementor-element elementor-element-e914d9e e-con-full e-flex e-con e-child\" data-id=\"e914d9e\" data-element_type=\"container\" data-e-type=\"container\">\n\t\t\t\t<div class=\"elementor-element elementor-element-b50398e elementor-widget elementor-widget-button\" data-id=\"b50398e\" data-element_type=\"widget\" data-e-type=\"widget\" data-widget_type=\"button.default\">\n\t\t\t\t<div class=\"elementor-widget-container\">\n\t\t\t\t\t\t\t\t\t<div class=\"elementor-button-wrapper\">\n\t\t\t\t\t<a class=\"elementor-button elementor-button-link elementor-size-sm\" href=\"http:\/\/193.248.225.28\/Transhumance\/formulaire-eleveurs.php\">\n\t\t\t\t\t\t<span class=\"elementor-button-content-wrapper\">\n\t\t\t\t\t\t\t\t\t<span class=\"elementor-button-text\">Cliquez ici<\/span>\n\t\t\t\t\t<\/span>\n\t\t\t\t\t<\/a>\n\t\t\t\t<\/div>\n\t\t\t\t\t\t\t\t<\/div>\n\t\t\t\t<\/div>\n\t\t\t\t<\/div>\n\t\t<div class=\"elementor-element elementor-element-99ad011 e-con-full e-flex e-con e-child\" data-id=\"99ad011\" data-element_type=\"container\" data-e-type=\"container\">\n\t\t\t\t<div class=\"elementor-element elementor-element-add0f7e elementor-widget elementor-widget-text-editor\" data-id=\"add0f7e\" data-element_type=\"widget\" data-e-type=\"widget\" data-widget_type=\"text-editor.default\">\n\t\t\t\t<div class=\"elementor-widget-container\">\n\t\t\t\t\t\t\t\t\t<p>Effectuer votre d\u00e9claration de transhumance sur l&rsquo;espace d\u00e9di\u00e9 (avec votre mot de passe des ann\u00e9es pr\u00e9c\u00e9dentes)<\/p>\t\t\t\t\t\t\t\t<\/div>\n\t\t\t\t<\/div>\n\t\t\t\t<\/div>\n\t\t<div class=\"elementor-element elementor-element-289ae5a e-con-full e-flex e-con e-child\" data-id=\"289ae5a\" data-element_type=\"container\" data-e-type=\"container\">\n\t\t\t\t<div class=\"elementor-element elementor-element-7591429 elementor-widget elementor-widget-button\" data-id=\"7591429\" data-element_type=\"widget\" data-e-type=\"widget\" data-widget_type=\"button.default\">\n\t\t\t\t<div class=\"elementor-widget-container\">\n\t\t\t\t\t\t\t\t\t<div class=\"elementor-button-wrapper\">\n\t\t\t\t\t<a class=\"elementor-button elementor-button-link elementor-size-sm\" href=\"http:\/\/193.248.225.28\/Transhumance\/Acces-Eleveurs.php\">\n\t\t\t\t\t\t<span class=\"elementor-button-content-wrapper\">\n\t\t\t\t\t\t\t\t\t<span class=\"elementor-button-text\">Cliquez ici<\/span>\n\t\t\t\t\t<\/span>\n\t\t\t\t\t<\/a>\n\t\t\t\t<\/div>\n\t\t\t\t\t\t\t\t<\/div>\n\t\t\t\t<\/div>\n\t\t\t\t<\/div>\n\t\t\t\t\t<\/div>\n\t\t\t\t<\/div>\n\t\t<div class=\"elementor-element elementor-element-d4f6d41 e-flex e-con-boxed e-con e-parent\" data-id=\"d4f6d41\" data-element_type=\"container\" data-e-type=\"container\">\n\t\t\t\t\t<div class=\"e-con-inner\">\n\t\t\t\t<div class=\"elementor-element elementor-element-dadcc66 elementor-widget elementor-widget-heading\" data-id=\"dadcc66\" data-element_type=\"widget\" data-e-type=\"widget\" data-widget_type=\"heading.default\">\n\t\t\t\t<div class=\"elementor-widget-container\">\n\t\t\t\t\t<h2 class=\"elementor-heading-title elementor-size-default\">Vous pouvez consulter en temps r\u00e9el l\u2019avanc\u00e9 de votre dossier jusqu\u2019\u00e0 sa validation. <br> Si n\u00e9cessaire,\nvous pouvez \u00e9diter le PDF r\u00e9capitulatif du dossier.<br>Cliquez sur le bouton en bas de page \"t\u00e9l\u00e9chargement du dossier\" depuis votre compte.<\/h2>\t\t\t\t<\/div>\n\t\t\t\t<\/div>\n\t\t\t\t\t<\/div>\n\t\t\t\t<\/div>\n\t\t<div class=\"elementor-element elementor-element-202667b e-flex e-con-boxed e-con e-parent\" data-id=\"202667b\" data-element_type=\"container\" data-e-type=\"container\">\n\t\t\t\t\t<div class=\"e-con-inner\">\n\t\t\t\t<div class=\"elementor-element elementor-element-c8176ae elementor-widget elementor-widget-text-editor\" data-id=\"c8176ae\" data-element_type=\"widget\" data-e-type=\"widget\" data-widget_type=\"text-editor.default\">\n\t\t\t\t<div class=\"elementor-widget-container\">\n\t\t\t\t\t\t\t\t\t<p><span style=\"color: #000000; font-family: Tahoma, sans-serif; font-size: 18px;\">Pour toute transhumance vers un autre d\u00e9partement, merci de prendre contact avec la DD(ets)PP de destination.\u00a0<\/span><\/p>\t\t\t\t\t\t\t\t<\/div>\n\t\t\t\t<\/div>\n\t\t\t\t\t<\/div>\n\t\t\t\t<\/div>\n\t\t<div class=\"elementor-element elementor-element-d1493d7 e-flex e-con-boxed e-con e-parent\" data-id=\"d1493d7\" data-element_type=\"container\" data-e-type=\"container\">\n\t\t\t\t\t<div class=\"e-con-inner\">\n\t\t<div class=\"elementor-element elementor-element-1d753a8 e-con-full e-flex e-con e-child\" data-id=\"1d753a8\" data-element_type=\"container\" data-e-type=\"container\">\n\t\t\t\t<div class=\"elementor-element elementor-element-2086117 elementor-widget elementor-widget-text-editor\" data-id=\"2086117\" data-element_type=\"widget\" data-e-type=\"widget\" data-widget_type=\"text-editor.default\">\n\t\t\t\t<div class=\"elementor-widget-container\">\n\t\t\t\t\t\t\t\t\t<p class=\"MsoNormal\">Retrouvez ci-dessous les prescriptions sanitaires applicables aux animaux transhumant dans les Hautes-Pyr\u00e9n\u00e9es en 2026<\/p>\t\t\t\t\t\t\t\t<\/div>\n\t\t\t\t<\/div>\n\t\t\t\t<\/div>\n\t\t<div class=\"elementor-element elementor-element-29252ea e-con-full e-flex e-con e-child\" data-id=\"29252ea\" data-element_type=\"container\" data-e-type=\"container\">\n\t\t\t\t<div class=\"elementor-element elementor-element-3faa0e7 elementor-button-success elementor-align-center elementor-widget elementor-widget-button\" data-id=\"3faa0e7\" data-element_type=\"widget\" data-e-type=\"widget\" data-widget_type=\"button.default\">\n\t\t\t\t<div class=\"elementor-widget-container\">\n\t\t\t\t\t\t\t\t\t<div class=\"elementor-button-wrapper\">\n\t\t\t\t\t<a class=\"elementor-button elementor-button-link elementor-size-sm\" href=\"https:\/\/gds32-65.fr\/wp-content\/uploads\/2026\/04\/prescriptions-2026.pdf\" target=\"_blank\">\n\t\t\t\t\t\t<span class=\"elementor-button-content-wrapper\">\n\t\t\t\t\t\t\t\t\t<span class=\"elementor-button-text\">Cliquez ici<\/span>\n\t\t\t\t\t<\/span>\n\t\t\t\t\t<\/a>\n\t\t\t\t<\/div>\n\t\t\t\t\t\t\t\t<\/div>\n\t\t\t\t<\/div>\n\t\t\t\t<\/div>\n\t\t\t\t\t<\/div>\n\t\t\t\t<\/div>\n\t\t\t\t<\/div>\n\t\t","protected":false},"excerpt":{"rendered":"<p>Eleveurs ovins caprins transhumants dans le 65 Vous devez d\u00e9clarer, quelque soit votre d\u00e9partement de provenance, la transhumance de vos animaux. Cr\u00e9er un compte sur l&rsquo;espace d\u00e9di\u00e9. Vous recevrez ainsi un mot de passe (A CONSERVER) vous permettant de vous identifier pour effectuer votre d\u00e9claration en ligne. Cliquez ici Effectuer votre d\u00e9claration de transhumance sur [&hellip;]<\/p>\n","protected":false},"author":1,"featured_media":0,"parent":681,"menu_order":1,"comment_status":"closed","ping_status":"closed","template":"","meta":{"footnotes":""},"class_list":["post-1453","page","type-page","status-publish","hentry"],"blocksy_meta":[],"yoast_head":"<!-- This site is optimized with the Yoast SEO plugin v27.4 - https:\/\/yoast.com\/product\/yoast-seo-wordpress\/ -->\n<title>Eleveurs Ovins Caprins - GDS 32 et 65<\/title>\n<meta name=\"description\" content=\"Acc\u00e8s aux informations de transhumance concernant les \u00e9leveurs\" \/>\n<meta name=\"robots\" content=\"index, follow, max-snippet:-1, max-image-preview:large, max-video-preview:-1\" \/>\n<link rel=\"canonical\" href=\"https:\/\/gds32-65.fr\/index.php\/transhumance\/eleveurs-ovins-caprins\/\" \/>\n<meta property=\"og:locale\" content=\"fr_FR\" \/>\n<meta property=\"og:type\" content=\"article\" \/>\n<meta property=\"og:title\" content=\"Eleveurs Ovins Caprins - GDS 32 et 65\" \/>\n<meta property=\"og:description\" content=\"Acc\u00e8s aux informations de transhumance concernant les \u00e9leveurs\" \/>\n<meta property=\"og:url\" content=\"https:\/\/gds32-65.fr\/index.php\/transhumance\/eleveurs-ovins-caprins\/\" \/>\n<meta property=\"og:site_name\" content=\"GDS 32 et 65\" \/>\n<meta property=\"article:publisher\" content=\"https:\/\/www.facebook.com\/gds32gds65aplma\" \/>\n<meta property=\"article:modified_time\" content=\"2026-04-14T13:12:30+00:00\" \/>\n<meta name=\"twitter:card\" content=\"summary_large_image\" \/>\n<meta name=\"twitter:label1\" content=\"Dur\u00e9e de lecture estim\u00e9e\" \/>\n\t<meta name=\"twitter:data1\" content=\"1 minute\" \/>\n<script type=\"application\/ld+json\" class=\"yoast-schema-graph\">{\"@context\":\"https:\\\/\\\/schema.org\",\"@graph\":[{\"@type\":\"WebPage\",\"@id\":\"https:\\\/\\\/gds32-65.fr\\\/index.php\\\/transhumance\\\/eleveurs-ovins-caprins\\\/\",\"url\":\"https:\\\/\\\/gds32-65.fr\\\/index.php\\\/transhumance\\\/eleveurs-ovins-caprins\\\/\",\"name\":\"Eleveurs Ovins Caprins - GDS 32 et 65\",\"isPartOf\":{\"@id\":\"https:\\\/\\\/gds32-65.fr\\\/#website\"},\"datePublished\":\"2024-11-21T18:31:52+00:00\",\"dateModified\":\"2026-04-14T13:12:30+00:00\",\"description\":\"Acc\u00e8s aux informations de transhumance concernant les \u00e9leveurs\",\"breadcrumb\":{\"@id\":\"https:\\\/\\\/gds32-65.fr\\\/index.php\\\/transhumance\\\/eleveurs-ovins-caprins\\\/#breadcrumb\"},\"inLanguage\":\"fr-FR\",\"potentialAction\":[{\"@type\":\"ReadAction\",\"target\":[\"https:\\\/\\\/gds32-65.fr\\\/index.php\\\/transhumance\\\/eleveurs-ovins-caprins\\\/\"]}]},{\"@type\":\"BreadcrumbList\",\"@id\":\"https:\\\/\\\/gds32-65.fr\\\/index.php\\\/transhumance\\\/eleveurs-ovins-caprins\\\/#breadcrumb\",\"itemListElement\":[{\"@type\":\"ListItem\",\"position\":1,\"name\":\"Accueil\",\"item\":\"https:\\\/\\\/gds32-65.fr\\\/\"},{\"@type\":\"ListItem\",\"position\":2,\"name\":\"Transhumance\",\"item\":\"https:\\\/\\\/gds32-65.fr\\\/index.php\\\/transhumance\\\/\"},{\"@type\":\"ListItem\",\"position\":3,\"name\":\"Eleveurs Ovins Caprins\"}]},{\"@type\":\"WebSite\",\"@id\":\"https:\\\/\\\/gds32-65.fr\\\/#website\",\"url\":\"https:\\\/\\\/gds32-65.fr\\\/\",\"name\":\"GDS 32-65\",\"description\":\"Bienvenue sur le site des GDS 32 et 65\",\"publisher\":{\"@id\":\"https:\\\/\\\/gds32-65.fr\\\/#organization\"},\"potentialAction\":[{\"@type\":\"SearchAction\",\"target\":{\"@type\":\"EntryPoint\",\"urlTemplate\":\"https:\\\/\\\/gds32-65.fr\\\/?s={search_term_string}\"},\"query-input\":{\"@type\":\"PropertyValueSpecification\",\"valueRequired\":true,\"valueName\":\"search_term_string\"}}],\"inLanguage\":\"fr-FR\"},{\"@type\":\"Organization\",\"@id\":\"https:\\\/\\\/gds32-65.fr\\\/#organization\",\"name\":\"GDS 32-65\",\"url\":\"https:\\\/\\\/gds32-65.fr\\\/\",\"logo\":{\"@type\":\"ImageObject\",\"inLanguage\":\"fr-FR\",\"@id\":\"https:\\\/\\\/gds32-65.fr\\\/#\\\/schema\\\/logo\\\/image\\\/\",\"url\":\"https:\\\/\\\/gds32-65.fr\\\/wp-content\\\/uploads\\\/2024\\\/11\\\/Fond-GDS-1.png\",\"contentUrl\":\"https:\\\/\\\/gds32-65.fr\\\/wp-content\\\/uploads\\\/2024\\\/11\\\/Fond-GDS-1.png\",\"width\":1095,\"height\":226,\"caption\":\"GDS 32-65\"},\"image\":{\"@id\":\"https:\\\/\\\/gds32-65.fr\\\/#\\\/schema\\\/logo\\\/image\\\/\"},\"sameAs\":[\"https:\\\/\\\/www.facebook.com\\\/gds32gds65aplma\"]}]}<\/script>\n<!-- \/ Yoast SEO plugin. -->","yoast_head_json":{"title":"Eleveurs Ovins Caprins - GDS 32 et 65","description":"Acc\u00e8s aux informations de transhumance concernant les \u00e9leveurs","robots":{"index":"index","follow":"follow","max-snippet":"max-snippet:-1","max-image-preview":"max-image-preview:large","max-video-preview":"max-video-preview:-1"},"canonical":"https:\/\/gds32-65.fr\/index.php\/transhumance\/eleveurs-ovins-caprins\/","og_locale":"fr_FR","og_type":"article","og_title":"Eleveurs Ovins Caprins - GDS 32 et 65","og_description":"Acc\u00e8s aux informations de transhumance concernant les \u00e9leveurs","og_url":"https:\/\/gds32-65.fr\/index.php\/transhumance\/eleveurs-ovins-caprins\/","og_site_name":"GDS 32 et 65","article_publisher":"https:\/\/www.facebook.com\/gds32gds65aplma","article_modified_time":"2026-04-14T13:12:30+00:00","twitter_card":"summary_large_image","twitter_misc":{"Dur\u00e9e de lecture estim\u00e9e":"1 minute"},"schema":{"@context":"https:\/\/schema.org","@graph":[{"@type":"WebPage","@id":"https:\/\/gds32-65.fr\/index.php\/transhumance\/eleveurs-ovins-caprins\/","url":"https:\/\/gds32-65.fr\/index.php\/transhumance\/eleveurs-ovins-caprins\/","name":"Eleveurs Ovins Caprins - GDS 32 et 65","isPartOf":{"@id":"https:\/\/gds32-65.fr\/#website"},"datePublished":"2024-11-21T18:31:52+00:00","dateModified":"2026-04-14T13:12:30+00:00","description":"Acc\u00e8s aux informations de transhumance concernant les \u00e9leveurs","breadcrumb":{"@id":"https:\/\/gds32-65.fr\/index.php\/transhumance\/eleveurs-ovins-caprins\/#breadcrumb"},"inLanguage":"fr-FR","potentialAction":[{"@type":"ReadAction","target":["https:\/\/gds32-65.fr\/index.php\/transhumance\/eleveurs-ovins-caprins\/"]}]},{"@type":"BreadcrumbList","@id":"https:\/\/gds32-65.fr\/index.php\/transhumance\/eleveurs-ovins-caprins\/#breadcrumb","itemListElement":[{"@type":"ListItem","position":1,"name":"Accueil","item":"https:\/\/gds32-65.fr\/"},{"@type":"ListItem","position":2,"name":"Transhumance","item":"https:\/\/gds32-65.fr\/index.php\/transhumance\/"},{"@type":"ListItem","position":3,"name":"Eleveurs Ovins Caprins"}]},{"@type":"WebSite","@id":"https:\/\/gds32-65.fr\/#website","url":"https:\/\/gds32-65.fr\/","name":"GDS 32-65","description":"Bienvenue sur le site des GDS 32 et 65","publisher":{"@id":"https:\/\/gds32-65.fr\/#organization"},"potentialAction":[{"@type":"SearchAction","target":{"@type":"EntryPoint","urlTemplate":"https:\/\/gds32-65.fr\/?s={search_term_string}"},"query-input":{"@type":"PropertyValueSpecification","valueRequired":true,"valueName":"search_term_string"}}],"inLanguage":"fr-FR"},{"@type":"Organization","@id":"https:\/\/gds32-65.fr\/#organization","name":"GDS 32-65","url":"https:\/\/gds32-65.fr\/","logo":{"@type":"ImageObject","inLanguage":"fr-FR","@id":"https:\/\/gds32-65.fr\/#\/schema\/logo\/image\/","url":"https:\/\/gds32-65.fr\/wp-content\/uploads\/2024\/11\/Fond-GDS-1.png","contentUrl":"https:\/\/gds32-65.fr\/wp-content\/uploads\/2024\/11\/Fond-GDS-1.png","width":1095,"height":226,"caption":"GDS 32-65"},"image":{"@id":"https:\/\/gds32-65.fr\/#\/schema\/logo\/image\/"},"sameAs":["https:\/\/www.facebook.com\/gds32gds65aplma"]}]}},"_links":{"self":[{"href":"https:\/\/gds32-65.fr\/index.php\/wp-json\/wp\/v2\/pages\/1453","targetHints":{"allow":["GET"]}}],"collection":[{"href":"https:\/\/gds32-65.fr\/index.php\/wp-json\/wp\/v2\/pages"}],"about":[{"href":"https:\/\/gds32-65.fr\/index.php\/wp-json\/wp\/v2\/types\/page"}],"author":[{"embeddable":true,"href":"https:\/\/gds32-65.fr\/index.php\/wp-json\/wp\/v2\/users\/1"}],"replies":[{"embeddable":true,"href":"https:\/\/gds32-65.fr\/index.php\/wp-json\/wp\/v2\/comments?post=1453"}],"version-history":[{"count":60,"href":"https:\/\/gds32-65.fr\/index.php\/wp-json\/wp\/v2\/pages\/1453\/revisions"}],"predecessor-version":[{"id":5154,"href":"https:\/\/gds32-65.fr\/index.php\/wp-json\/wp\/v2\/pages\/1453\/revisions\/5154"}],"up":[{"embeddable":true,"href":"https:\/\/gds32-65.fr\/index.php\/wp-json\/wp\/v2\/pages\/681"}],"wp:attachment":[{"href":"https:\/\/gds32-65.fr\/index.php\/wp-json\/wp\/v2\/media?parent=1453"}],"curies":[{"name":"wp","href":"https:\/\/api.w.org\/{rel}","templated":true}]}}